
What is the highest common factor of 53811860 and 36?
4
What is the highest common factor of 6 and 9501498?
6
Calculate the highest common factor of 468032 and 1126912.
4544
What is the highest common factor of 7142792 and 56?
8
Calculate the greatest common divisor of 693635 and 730.
5
Calculate the greatest common divisor of 556800 and 80475.
2175
Calculate the greatest common factor of 111689034 and 174.
174
Calculate the highest common divisor of 1458 and 49866.
6
Calculate the highest common divisor of 1882 and 906109602.
1882
What is the highest common factor of 24 and 734883288?
24
What is the greatest common factor of 6013 and 22708?
7
Calculate the highest common factor of 82110 and 67592.
238
What is the greatest common factor of 462 and 9146613?
21
Calculate the highest common divisor of 83162 and 76110.
86
What is the highest common divisor of 390765 and 4185?
15
Calculate the greatest common divisor of 11792 and 1539296.
176
Calculate the highest common factor of 132 and 196071777.
33
What is the greatest common divisor of 47616 and 7368?
24
Calculate the highest common factor of 14857 and 17968919.
83
What is the highest common factor of 15873733 and 119?
17
Calculate the greatest common factor of 4704632 and 392.
8
What is the highest common divisor of 5704 and 4821368?
248
What is the highest common factor of 7865616 and 165?
33
Calculate the greatest common divisor of 395056 and 6960.
16
Calculate the greatest common factor of 1672 and 5776228.
76
Calculate the greatest common divisor of 147984592 and 1904.
1904
What is the highest common factor of 90000171 and 27?
9
Calculate the highest common factor of 462083743 and 517.
517
What is the highest common divisor of 11986593 and 60163?
3539
What is the greatest common factor of 220779 and 13039?
221
What is the greatest common factor of 41184 and 89037?
117
Calculate the highest common divisor of 150 and 2106555.
15
Calculate the highest common divisor of 2282 and 407498.
14
Calculate the greatest common factor of 35139 and 28119309.
2703
What is the greatest common divisor of 48 and 23391952?
16
Calculate the highest common divisor of 2113 and 467131475.
2113
Calculate the greatest common factor of 4015 and 1739663.
73
What is the greatest common divisor of 446 and 177386911?
223
What is the greatest common factor of 549084948 and 48?
12
Calculate the highest common divisor of 1868125 and 147.
49
What is the highest common divisor of 6701273 and 67?
67
What is the highest common factor of 21168 and 799632?
432
Calculate the greatest common factor of 193800 and 2775.
75
Calculate the greatest common factor of 35112 and 39732.
924
Calculate the highest common divisor of 1397174 and 624104.
706
Calculate the highest common divisor of 333186173 and 20661.
6887
What is the highest common factor of 1816 and 91535707?
227
What is the highest common divisor of 2626501 and 348?
29
What is the greatest common factor of 64119906 and 488244?
8418
Calculate the highest common factor of 4851934 and 3968.
62
What is the greatest common divisor of 312010 and 103435120?
7610
What is the greatest common factor of 657 and 430109649?
657
What is the highest common factor of 1947 and 2880801?
33
Calculate the greatest common divisor of 2784318 and 2324.
166
What is the greatest common factor of 4045912 and 104?
104
Calculate the highest common factor of 6603340 and 40.
20
Calculate the greatest common factor of 26770382 and 10.
2
What is the greatest common divisor of 3375 and 3181815?
135
Calculate the highest common factor of 196 and 8016302.
98
What is the highest common factor of 7710771 and 511?
73
Calculate the highest common divisor of 720 and 11890782.
18
What is the greatest common divisor of 1071 and 1781577?
63
Calculate the highest common divisor of 699338 and 169510.
46
What is the greatest common divisor of 1090417 and 11296?
353
Calculate the greatest common factor of 10164 and 5701170552.
10164
Calculate the greatest common divisor of 2900 and 115900.
100
Calculate the greatest common factor of 17 and 16663349.
17
Calculate the highest common divisor of 510876 and 46253.
23
Calculate the highest common divisor of 5951672 and 23976.
296
Calculate the highest common divisor of 34 and 38211359.
17
What is the highest common divisor of 30 and 154654845?
15
What is the greatest common factor of 3160 and 92377070?
790
Calculate the greatest common divisor of 7284618 and 47718.
198
Calculate the highest common factor of 427 and 15767097.
61
Calculate the highest common divisor of 582877269 and 33345.
6669
What is the greatest common factor of 115827239 and 187?
187
Calculate the highest common factor of 1953 and 12657393.
1953
Calculate the greatest common factor of 2306292 and 96.
12
What is the greatest common divisor of 14 and 14681632?
14
Calculate the greatest common factor of 4609233328 and 15568.
15568
Calculate the highest common divisor of 1535402 and 176.
22
What is the greatest common divisor of 10304844 and 8272?
2068
What is the highest common divisor of 174 and 64932247?
29
What is the greatest common divisor of 617461 and 169?
13
Calculate the highest common divisor of 107650160 and 160.
80
Calculate the greatest common factor of 993 and 914222.
331
What is the greatest common divisor of 2671578 and 416?
26
What is the greatest common divisor of 166854732 and 1045?
209
Calculate the greatest common divisor of 32724071 and 1021.
1021
Calculate the greatest common divisor of 122082 and 24594.
6
What is the highest common factor of 114609802 and 10984?
2746
What is the greatest common divisor of 372 and 48339726?
186
Calculate the greatest common factor of 8643711 and 522.
87
What is the greatest common divisor of 192 and 2494528?
64
Calculate the highest common factor of 38 and 74123446.
38
Calculate the greatest common divisor of 1961002 and 63619.
113
What is the highest common divisor of 330 and 64347580?
110
What is the highest common divisor of 2554072 and 888?
8
Calculate the highest common divisor of 4694070 and 8280.
690
Calculate the highest common divisor of 576 and 1363584.
192
What is the greatest common divisor of 74729862 and 666?
666
What is the greatest common factor of 147116183 and 38?
19
Calculate the greatest common divisor of 336513 and 897.
69
What is the greatest common divisor of 49222025 and 185?
185
Calculate the highest common divisor of 1382912 and 126614.
74
What is the greatest common divisor of 3548961 and 45981?
351
What is the greatest common divisor of 1422843114 and 726?
726
Calculate the greatest common factor of 529535 and 10.
5
What is the highest common factor of 521 and 2113?
1
What is the highest common factor of 64870058 and 3784?
946
Calculate the greatest common divisor of 427 and 1437422.
7
Calculate the greatest common divisor of 8 and 769661176.
8
What is the greatest common divisor of 582900242 and 7071?
2357
What is the highest common factor of 60694582 and 286?
26
Calculate the greatest common divisor of 20268 and 2172.
12
What is the highest common factor of 3600360 and 143080?
2920
What is the highest common factor of 312 and 1174836?
156
What is the highest common factor of 264510540 and 1260?
1260
What is the greatest common divisor of 1687738 and 55106?
934
What is the highest common divisor of 30 and 1828135?
5
Calculate the highest common factor of 659152 and 65.
13
Calculate the highest common divisor of 116762 and 8631520.
1478
Calculate the greatest common divisor of 2109 and 864291.
57
Calculate the greatest common factor of 115631248 and 16.
16
Calculate the greatest common divisor of 262256 and 471824.
592
What is the greatest common divisor of 44 and 6599637?
11
What is the greatest common divisor of 2857 and 37940?
1
Calculate the greatest common factor of 6739 and 140369.
23
Calculate the greatest common divisor of 424818 and 1179.
9
Calculate the greatest common divisor of 530838 and 1185030.
1386
Calculate the highest common factor of 6829580 and 1904.
68
What is the highest common divisor of 2100 and 174725?
25
Calculate the highest common divisor of 60 and 357324.
12
What is the highest common factor of 23979102 and 219696?
1194
What is the greatest common divisor of 5772 and 1327782?
222
Calculate th